 thousands digit of 168576777?
6
What is the hundred millions digit of 106045518?
1
What is the ten thousands digit of 126803614?
0
What is the tens digit of 79426803?
0
What is the hundreds digit of 3192632498?
4
What is the hundreds digit of 16291358?
3
What is the tens digit of 264007120?
2
What is the units digit of 375849378?
8
What is the tens digit of 27737159?
5
What is the ten millions digit of 319053307?
1
What is the units digit of 777689?
9
What is the hundred thousands digit of 22429153?
4
What is the ten thousands digit of 42024728?
2
What is the ten millions digit of 57521264?
5
What is the ten millions digit of 414054058?
1
What is the units digit of 1148329228?
8
What is the tens digit of 428796651?
5
What is the hundreds digit of 44099125?
1
What is the thousands digit of 192713617?
3
What is the millions digit of 91033998?
1
What is the ten millions digit of 685855243?
8
What is the units digit of 19619286?
6
What is the hundreds digit of 7443555141?
1
What is the hundred thousands digit of 12070900?
0
What is the hundreds digit of 10098022?
0
What is the tens digit of 33893388?
8
What is the millions digit of 623986267?
3
What is the millions digit of 22386329?
2
What is the hundred thousands digit of 1504740556?
7
What is the billions digit of 1471493009?
1
What is the billions digit of 1614345394?
1
What is the millions digit of 2808595165?
8
What is the hundreds digit of 133900502?
5
What is the millions digit of 3835144540?
5
What is the hundred millions digit of 317317858?
3
What is the thousands digit of 44723422?
3
What is the tens digit of 186720923?
2
What is the thousands digit of 29158724?
8
What is the ten millions digit of 156801470?
5
What is the hundred millions digit of 1259789375?
2
What is the units digit of 3254010673?
3
What is the units digit of 5024969251?
1
What is the units digit of 1683009046?
6
What is the thousands digit of 4544383117?
3
What is the millions digit of 220421917?
0
What is the hundred millions digit of 6123834677?
1
What is the hundred thousands digit of 3028115?
0
What is the hundreds digit of 43807170?
1
What is the hundreds digit of 1290588095?
0
What is the hundreds digit of 55137370?
3
What is the hundred thousands digit of 1945649015?
6
What is the thousands digit of 844701181?
1
What is the ten millions digit of 25707107?
2
What is the hundreds digit of 39453399?
3
What is the thousands digit of 18219309?
9
What is the hundred millions digit of 125139518?
1
What is the ten millions digit of 37634465?
3
What is the hundred millions digit of 537476368?
5
What is the tens digit of 494829833?
3
What is the millions digit of 6587266?
6
What is the millions digit of 13840306?
3
What is the millions digit of 43667658?
3
What is the ten thousands digit of 10734598?
3
What is the hundred thousands digit of 30170012?
1
What is the ten millions digit of 103432077?
0
What is the tens digit of 152618327?
2
What is the units digit of 20373160?
0
What is the tens digit of 231736053?
5
What is the ten thousands digit of 80997464?
9
What is the thousands digit of 103912839?
2
What is the hundred millions digit of 4001125988?
0
What is the tens digit of 400296566?
6
What is the ten millions digit of 4670590824?
7
What is the units digit of 18336895?
5
What is the units digit of 57046036?
6
What is the units digit of 21811318?
8
What is the thousands digit of 2179870398?
0
What is the ten thousands digit of 40492266?
9
What is the millions digit of 158968044?
8
What is the hundreds digit of 3634003242?
2
What is the hundred millions digit of 2989983906?
9
What is the tens digit of 1377473762?
6
What is the ten millions digit of 99135946?
9
What is the units digit of 231550534?
4
What is the thousands digit of 264186947?
6
What is the hundred thousands digit of 2007445?
0
What is the thousands digit of 39039179?
9
What is the thousands digit of 364744815?
4
What is the tens digit of 73503357?
5
What is the hundreds digit of 41784400?
4
What is the tens digit of 584578492?
9
What is the millions digit of 108716480?
8
What is the ten thousands digit of 419655874?
5
What is the ten millions digit of 1519824595?
1
What is the thousands digit of 1103481892?
1
What is the thousands digit of 6655436?
5
What is the hundreds digit of 152293323?
3
What is the units digit of 2403147820?
0
What is the hundreds digit of 2973336594?
5
What is the thousands digit of 745608394?
8
What is the ten millions digit of 58934549?
5
What is the tens digit of 24485351?
5
What is the ten thousands digit of 57713967?
1
What is the ten millions digit of 299598689?
9
What is the hundred millions digit of 4007192296?
0
What is the thousands digit of 186460692?
0
What is the ten millions digit of 2392390012?
9
What is the thousands digit of 132770799?
0
What is the ten millions digit of 562272770?
6
What is the hundred millions digit of 1154803519?
1
What is the ten millions digit of 794656464?
9
What is the units digit of 973905496?
6
What is the hundred millions digit of 984885937?
9
What is the tens digit of 200062896?
9
What is the tens digit of 375723931?
3
What is the tens digit of 409988262?
6
What is the tens digit of 418115387?
8
What is the units digit of 7171951?
1
What is the thousands digit of 171512538?
2
What is the ten millions digit of 5090684322?
9
What is the thousands digit of 91511046?
1
What is the thousands digit of 102540717?
0
What is the thousands digit of 3253262215?
2
What is the hundreds digit of 148299792?
7
What is the units digit of 48041634?
4
What is the millions digit of 72795587?
2
What is the tens digit of 972927876?
7
What is the thousands digit of 161301605?
1
What is the hundreds digit of 40606326?
3
What is the hundred thousands digit of 994526917?
5
What is the tens digit of 8044842?
4
What is the millions digit of 684958810?
4
What is the millions digit of 366987339?
6
What is the ten millions digit of 166275846?
6
What is the hundreds digit of 105685337?
3
What is the ten thousands digit of 219224822?
2
What is the millions digit of 9110027133?
0
What is the hundreds digit of 364082061?
0
What is the ten thousands digit of 26387090?
8
What is the hundred thousands digit of 370035409?
0
What is the ten millions digit of 119149186?
1
What is the units digit of 42534867?
7
What is the ten thousands digit of 1632807352?
0
What is the units digit of 245071442?
2
What is the ten millions digit of 5351708384?
5
What is the millions digit of 19749981?
9
What is the units digit of 559076156?
6
What is the tens digit of 599762932?
3
What is the hundred thousands digit of 1730473542?
4
What is the units digit of 18263804?
4
What is the units digit of 3365409873?
3
What is the thousands digit of 732639440?
9
What is the ten millions digit of 131830526?
3
What is the thousands digit of 165338543?
8
What is the ten millions digit of 130916830?
3
What is the hundred thousands digit of 408671165?
6
What is the ten thousands digit of 27983334?
8
What is the millions digit of 2183653140?
3
What is the ten millions digit of 2289212592?
8
What is the hundred thousands digit of 200096757?
0
What is the hundred thousands digit of 577001785?
0
What is the ten millions digit of 1260196642?
6
What is the hundred thousands digit of 151794354?
7
What is the ten millions digit of 40641562?
4
What is the thousands digit of 5866118171?
8
What is the ten millions digit of 181148259?
8
What is the millions digit of 98318328?
8
What is the hundred millions digit of 128801904?
1
What is the thousands digit of 424379481?
9
What is the hundred millions digit of 175234067?
1
What is the units digit of 51949454?
4
What is the hundred thousands digit of 5001370341?
3
What is the ten thousands digit of 314547257?
4
What is the units digit of 357489873?
3
What is the thousands digit of 109842559?
2
What is the tens digit of 1647281893?
9
What is the units digit of 1919141753?
3
What is the hundred thousands digit of 87029908?
0
What is the ten millions digit of 99080605?
9
What is the units digit of 1088978578?
8
What is the hundred thousands digit of 135403186?
4
What is the ten millions digit of 1936164961?
3
What is the units digit of 352566813?
3
What is the units digit of 21818753?
3
What is the units digit of 62